q**2 + 4 + 0*q**3 - 3. What is the remainder when j(4) is divided by 9?
6
Let s = 1 + -1. What is the remainder when 6720/175 + 2/10*-2 is divided by 20 - (1 + -1 + s)?
18
Let a = 6 - -16. Calculate the remainder when 11991/189 - 8/18 is divided by a.
19
Suppose -3*g - 3*i = -51, 4*i - 3 - 5 = 0. What is the remainder when 55 is divided by g?
10
Suppose g = -2*g + z + 106, 3*g - 114 = 3*z. Calculate the remainder when g is divided by 20.
14
Let q(a) = a - 3. Let y be q(5). Suppose -3*f = 2*f + 5*i - 40, -y*f + 28 = -4*i. What is the remainder when 29 is divided by f?
9
Let k be 14 - (-5 + 3 + 1). Let g = k - 7. Calculate the remainder when 28 is divided by 6/g - (-148)/16.
8
Let a = 35 - 11. Calculate the remainder when 40 is divided by a.
16
Let r = 8 - -1. Let l = 11 - -7. Let t = r + l. Calculate the remainder when t is divided by 14.
13
Let d(q) = q + 7. Suppose 4*y - 3*x = -2*x - 1, -2 = 2*y - 2*x. Let t(w) = -w**3 - w**2 + w + 7. What is the remainder when d(6) is divided by t(y)?
6
Suppose -5*b - 80 = -275. Suppose 4*x + 5*q - b = 0, 3*q - 4*q = -x + 12. Calculate the remainder when 19 is divided by x.
8
Let d(n) = -n**3 - 4*n**2 - n. Let j be d(-4). Suppose -3*l - j = -52. Calculate the remainder when l is divided by 9.
7
What is the remainder when ((-38)/(-19))/(4/106) is divided by 14?
11
Calculate the remainder when 8 + 2 + (-1)/1 is divided by 6.
3
Let j = 16 + -3. Suppose 0*v = -3*v - 12. Let k = v - -9. Calculate the remainder when j is divided by k.
3
Let p(r) = -r**3 - 9*r**2 + 9*r - 6. Let j be p(-10). Suppose 0 = -3*a + 322 - 67. Suppose -j*m + a = m. What is the remainder when m is divided by 6?
5
Let h = 26 + -11. Let d(r) = 2*r - 6. Let m be d(5). Suppose m*w = 3*w + 8. What is the remainder when h is divided by w?
7
Suppose -i - 12 = -5*i. Let s(y) = 1 + 4*y**3 - i + 7*y - 4*y**2 - 5*y**3. Calculate the remainder when s(-6) is divided by 10.
8
Let k = -10 + 15. Let l(h) = -h**2 + 8*h. Calculate the remainder when 43 is divided by l(k).
13
Let n(g) = -g**3 + g**2 - g + 24. Let c be (2/(-1) - -2)/1. Calculate the remainder when n(c) is divided by 13.
11
Suppose 2*a - 2 = -5*p, p - 2*a + 0*a - 10 = 0. Let z be (-4 - -3)*p*3. Calculate the remainder when 20 is divided by (3 - 1)*(-33)/z.
9
Suppose 3*c + 2*m = 7*m + 17, 0 = 4*c + 3*m - 13. Suppose -4*z - 5*b = -172, 0 = c*z - 3*b - 248 + 44. What is the remainder when z is divided by 17?
14
Suppose 3*w - 3*b - 4 = 2*w, -28 = -2*w - 4*b. Let u(h) = 4*h - 10. Calculate the remainder when u(w) is divided by 11.
8
Let w(o) = o**2 - 9 + 5*o + 0*o + 0*o**2. Suppose 3*z = 4*z + 9. What is the remainder when w(z) is divided by 14?
13
Let h(p) = p**3 - 22*p**2 - p + 38. Calculate the remainder when 26 is divided by h(22).
10
Let o = 36 + -10. Calculate the remainder when 93 is divided by o.
15
Suppose -2*r = -4*r + 14. Calculate the remainder when 27 is divided by r.
6
Let t = -7 - 8. Let z = 48 + t. Suppose z = 2*c + c. What is the remainder when c is divided by 4?
3
Let k = -65 - -42. Let y = -44 + 64. What is the remainder when y is divided by k/(-3) + (-6)/9?
6
Suppose -3*f = -2*f. Suppose -4*z + f*p - 2*p = -80, 0 = 4*z + 3*p - 76. Suppose -h = -2*h + 6. Calculate the remainder when z is divided by h.
4
Suppose 0 = 2*u - 15 + 37. Let p = u - -16. Calculate the remainder when 14 is divided by p.
4
Let h(b) = -16*b + 1. Suppose -5 - 88 = 3*n. Let m = n + 96. Calculate the remainder when m is divided by h(-1).
14
Let z = 0 + 5. Suppose -2*i - z = -45. Suppose -5*g + 3*g - 10 = 0, 4*m = -5*g + 19. Calculate the remainder when i is divided by m.
9
Suppose 0 = 4*t - 7*t + 135. Calculate the remainder when t is divided by 24.
21
Let t(a) = 2*a - 9. Let c be t(6). Suppose -2*h + 15 = c*h. Suppose 3*b - 2*q = 40, 3*b = 4*b - h*q - 11. Calculate the remainder when 26 is divided by b.
12
Let o be 10/(-35)*1*-7. Suppose 2*g = -5*v + 67 - o, 3*g - 15 = 0. Suppose v = x - 0*x. Calculate the remainder when 32 is divided by x.
10
Suppose -6 = -a + n, n = -2*a - 2*n - 3. Suppose 3*m + q - 192 = 0, -5*q = a*m + 2*m - 330. Calculate the remainder when m is divided by 33.
30
Let k(j) = -j**3 - j**2 - j - 5. Let v be k(0). Let y = 12 - v. Calculate the remainder when y is divided by 6.
5
Suppose 2*z - 68 = -c, -5*c + 21 = z - 13. What is the remainder when z is divided by 9?
7
Let x(c) = 2*c**2 + 6 + c - c**2 - 4*c + 0*c. Calculate the remainder when x(7) is divided by 9.
7
Let a(h) = -h - 2. Let v be a(-2). Suppose r = -v*r + 1. Let d = r + 1. What is the remainder when d is divided by 2?
0
Let v(h) = -h**2 + h + 8. Let l(i) = i**3 - i**2 + i + 3. Calculate the remainder when v(0) is divided by l(0).
2
Let v = -1 - -6. Let i = 10 - v. What is the remainder when i is divided by (-26)/(-8) + 8/(-32)?
2
Suppose -2*h + 33 = -3*w, 5*h - 30 = -0*w - 3*w. Calculate the remainder when 25 is divided by h.
7
Let k(g) = -2*g**2 + 6*g - 7. Let d = 7 - 1. Let v(u) = -u**2 + 3*u - 3. Let f(i) = d*k(i) - 13*v(i). What is the remainder when 13 is divided by f(5)?
6
Suppose 0 = 5*h + 5*y - 65, 5*h + 2*y = -0*y + 53. Let a(m) = -2*m - 2. Let c be a(6). Calculate the remainder when (-117)/(-7) + (-4)/c is divided by h.
8
Let o(p) = p + 64. What is the remainder when o(0) is divided by 17?
13
Suppose 6 = 3*i - 2*i. What is the remainder when ((-4)/i)/(8/(-156)) is divided by (-37)/(-7) - 2/7?
3
What is the remainder when (-13 + 45)*(-4)/(-1) is divided by 17?
9
Suppose 0 = -5*z - 22 + 72. What is the remainder when 17 is divided by z?
7
Suppose -2*t - 2*n = -16, 0 = 4*t - 4*n - 13 - 43. What is the remainder when 38 is divided by t?
5
What is the remainder when (-50)/4*(-96)/80 is divided by 4?
3
Suppose 6*m + 5 = 5*m + 4*h, -2*m + h - 17 = 0. Let z = m + 15. What is the remainder when 11 is divided by z?
5
Let y(n) = 3*n + 4 + 2*n**2 + 4*n - 2*n - n**2. Suppose 4*w = 2*w - 12. What is the remainder when 18 is divided by y(w)?
8
Let l = 14 + -11. Suppose 4*f = l*f - 4*k + 18, -5*f + 30 = 5*k. Suppose 5*x + 4*a - 11 = 8, 0 = a - 1. What is the remainder when x is divided by f?
1
Let x(d) = d**3 - 6*d**2 + 2*d - 3. Suppose 0 = 2*f - 3*f + 6. Suppose 0 = 8*s - 165 - 43. Calculate the remainder when s is divided by x(f).
8
Suppose -5*k = -2*h - 0*h + 137, -5*k - 193 = -3*h. Suppose -4*c + 20 = 4, 2*s - 5*c - 18 = 0. Calculate the remainder when h is divided by s.
18
Let w be 4*(-2 + 73/4). Suppose u - w = -4*u. Calculate the remainder when 38 is divided by u.
12
Let b(f) = f**2 + f - 4. What is the remainder when b(6) is divided by 23?
15
Calculate the remainder when 36 is divided by 616/33 + 2/6.
17
Let j = -17 + 38. Suppose h - 52 = 31. What is the remainder when h is divided by j?
20
Let g = 14 + -5. Suppose -5*f + g = -6. What is the remainder when f is divided by 2?
1
Let r = -3 - -6. Suppose 0 = -8*l + 3*l - 2*v + 40, -3*v = 0. What is the remainder when l is divided by r?
2
Let x = -91 - -210. Calculate the remainder when x is divided by 8.
7
Let m(c) = -c + 7. Let q = 1 - -2. What is the remainder when q is divided by m(5)?
1
Let b = -2 + -6. Let f = b - -4. What is the remainder when 12 is divided by (2/3)/(f/(-42))?
5
Let g be 4/18 + 32/18. Let u = 8 - g. Let l = 86 - 75. What is the remainder when l is divided by u?
5
Let s = 32 + -16. Calculate the remainder when 46 is divided by s.
14
Let g(y) = y**3 - 1. Suppose 2*v + 5 = -v - 4*k, 3*v - 2*k - 7 = 0. Let w be g(v). Suppose w = -u - 3*u + 112. Calculate the remainder when u is divided by 15.
13
Suppose -2*q = 2*v + 18, -3*q + 7*q = 5*v + 18. Let o be 2/v*-3*0. Suppose o = b - 3*b + 4*g + 4, -5*g = -2*b. Calculate the remainder when b is divided by 4.
2
Suppose 2*y + 3*y - 215 = 0. What is the remainder when y is divided by 11?
10
Suppose 0 = -2*g - p + 6, g = 3*p - 2*p. Let s = 5 - g. Calculate the remainder when (4 - 0) + (-6)/s is divided by 1.
0
Suppose -102*w + 106*w - 20 = 0. What is the remainder when 14 is divided by w?
4
Let l = -9 + 32. What is the remainder when l is divided by 11?
1
Let r(c) = c**2 - 3*c - 7. Let s be r(-9). Suppose s - 25 = 4*i. Calculate the remainder when 56 is divided by i.
18
Let z = -22 - -34. Suppose 0 = 3*w + 1 + 8. Let f = 25 + w. Calculate the remainder when f is divided by z.
10
Calculate the remainder when 72 is divi